6
Let u(s) = 12*s + 119. Let n be u(-11). Calculate the remainder when 58 is divided by n*(-8)/52 - (-6)/1.
2
Suppose -5*p - 419 + 1174 = 0. What is the remainder when 753 is divided by p?
149
Let j = -18591 - -18744. What is the remainder when 1198 is divided by j?
127
Let a be -5 + 1/((-1)/(-5)) - -5. Calculate the remainder when 0 - (-1340)/(a/1) is divided by 81.
25
Let y(m) = 37*m + 12. Let v(a) = -73*a - 24. Let x(n) = 6*v(n) + 11*y(n). Calculate the remainder when x(-1) is divided by 12.
7
Let z = 4 + 32. Suppose 58*v = 54*v + z. Suppose -v*p = 3*b - 5*p - 52, -p = 3*b - 67. What is the remainder when b is divided by 7?
3
Calculate the remainder when 1841 is divided by (-4)/(-44) - 41/(2706/(-5670)).
35
Let g(h) = -4*h - 29. Let w be g(-8). Suppose -5*o - 2*v + 0*v + 536 = 0, -3*o + w*v = -330. Suppose a = o - 44. What is the remainder when a is divided by 22?
20
Suppose 2156 = 25*h - 794. Suppose -2*d = -g - 28, -66 = -4*d - g - 2*g. Calculate the remainder when h is divided by d.
13
Let j(r) = 196*r - 1494. Calculate the remainder when 608 is divided by j(8).
16
Let n(o) = -26*o**3 - 3*o**2 - o + 3. Let c be n(1). Calculate the remainder when 30 is divided by ((-4)/(-6))/(18/c)*-7.
2
Suppose q = -o + 70, -q = -o - 52 + 122. What is the remainder when 255 is divided by o?
45
Let v = 114 + -47. Suppose -2*l - 5*r + v = 0, 4*l + 4*r = -38 + 166. Calculate the remainder when 51 is divided by l.
20
Suppose -7 = -4*p + 1. Suppose -p*b - 11 = -m, 2*m - b - 52 = -3*b. Calculate the remainder when 1687/21 + 1/(-3) is divided by m.
17
Suppose i = -5*y + 83, -355 = -4*i - y + 4*y. What is the remainder when i is divided by (3/(-2))/(1/(-10))?
13
Suppose 4*o - 781 = -3*s, 2116*o - 793 = -3*s + 2118*o. What is the remainder when s is divided by 26?
3
Let q(n) = 2*n + 6. Let v be q(22). Suppose 3*x = -3*u + 111, -4*x = 5*u - 3*u - 80. Calculate the remainder when (-902)/(-9) + v/(-225) is divided by u.
32
Suppose 2*c - 3*c + 4 = 0. Suppose -2*f = 5*b - 8, 0 = -b + c*f - f - 12. Suppose 0 = -b*z - 5*z + 85. What is the remainder when 48 is divided by z?
14
Suppose 234 = 12*a + 30. Suppose -a*t = -1280 - 573. Calculate the remainder when t is divided by 38.
33
Suppose -28 = -7*v + 3*v. Let l(c) = 156*c + 26. Calculate the remainder when l(0) is divided by v.
5
Let q(w) = 324*w**2 + 8*w - 9. Calculate the remainder when q(1) is divided by 320.
3
Let y(u) = -u**2 - 5*u + 80. Let c be y(0). Let o = 114 - c. What is the remainder when 129 is divided by o?
27
Let j(u) = -144*u + 331. What is the remainder when 75 is divided by j(2)?
32
Suppose -3*g + 3*y = 2*g - 801, -5*y - 487 = -3*g. Suppose 7*t = 373 + g. Calculate the remainder when t is divided by 9.
4
Suppose 5*a + 249 = -821. Let r = -183 - a. Calculate the remainder when 122 is divided by r.
29
Let q = -218 + 191. Let t = 35 + q. What is the remainder when 30 is divided by t?
6
Let z(m) = 2*m**3 - 45*m**2 - 17*m - 15. Let t be z(23). Let f = t + -100. Calculate the remainder when 61 is divided by f.
15
Let i be 3*(0 - 1) + 0 - 82. Let k = i - -94. Let p(a) = a**3 - 9*a**2 + 4*a + 1. Calculate the remainder when p(k) is divided by 8.
5
Let j(d) = d**3 - 6*d**2 + 9*d - 5. Let p be j(7). Let o = 146 - p. Let v = 210 - 97. Calculate the remainder when v is divided by o.
35
Let l(a) = a**2 + 4*a - 49. Let p be l(-9). Let k(n) = -n + 1. Let i be k(p). Calculate the remainder when i/(4 - 54/14) + -3 is divided by 9.
5
Suppose 0 = -q - 2*i - 466, -q + 2*i - 325 - 153 = 0. Let d be q/18 + -2 - (-10)/45. Calculate the remainder when 52 is divided by (75/(-12) - 1)/(7/d).
23
Let g = 57708 - 57245. Suppose p = -0*p + 16. Calculate the remainder when g is divided by p.
15
Let v(c) = c**3 - 5*c**2 + 8*c - 8. Suppose -8*t + 2 = -10*t. Let g(r) = 14*r**2 + r. Calculate the remainder when g(t) is divided by v(4).
5
Suppose -15*p - 3420 = -45*p + 10*p. What is the remainder when 1542 is divided by p?
3
Suppose -5*h + 1514 - 421 = 3*u, -10 = -2*h. What is the remainder when u is divided by 50?
6
Let m = 10876 - 10868. Let g(w) = 13*w**2 + 2*w - 3. Let i be g(3). Suppose i = 3*l + l. What is the remainder when l is divided by m?
6
Suppose -2*d + s = -23, 0 + 53 = 4*d + 5*s. Let y be (3 + 72)*d/(-30). Calculate the remainder when 38 is divided by (-6)/(-45) + 1*(-326)/y.
5
Suppose 231*y + 30*y - 22446 = 0. What is the remainder when y is divided by 29?
28
Let l be (2/5)/((21/(-3))/1925). Let v = l - -121. Calculate the remainder when 26 is divided by v.
4
Let a = 2054 - 2040. What is the remainder when 3176 is divided by a?
12
Let k(u) = 29*u**3 + u. Calculate the remainder when k(1) is divided by 24/(-2)*((-4)/6 + 0).
6
What is the remainder when (6/(-3))/((-34)/133909) is divided by 37?
33
Let y = 667 + -1140. Let n = y - -505. What is the remainder when 93 is divided by n?
29
Let o(x) = -39*x + 52. Suppose -69 = 4*l + 7*n - 10*n, -3 = 3*n. What is the remainder when o(l) is divided by 36?
34
Let h(t) = t**2 - 38*t - 1673. What is the remainder when h(-36) is divided by 9?
1
Suppose -5 = -9*p + 13. Suppose -p*g = -8*g + 624. What is the remainder when g is divided by 3?
2
Let v(i) = -16*i - 16. Let s be v(-1). Suppose s = -2*r - 4*r + 978. Calculate the remainder when r is divided by 14.
9
Let s be 10*((-7)/4 + 3/4). Calculate the remainder when 30 - (-5)/s*(-4 + 12) is divided by 4.
2
Suppose 0 = -5*f + 6*a - 2*a + 577, 5*f + 4*a = 593. Let i = f + -99. What is the remainder when 56 is divided by i?
2
Suppose -42*k - 4*k + 5934 = 0. What is the remainder when k is divided by 20?
9
Let s = -137 + 83. Let c = s - -50. What is the remainder when 42 is divided by c/(-18) + (-474)/(-108)*2?
6
Let y = -150 + 221. Let c = -75 - -149. Suppose -v + c = 3*d, 5*d - 2*v = -6*v + 128. What is the remainder when y is divided by d?
23
Let q(n) = 89 + 86 + 3 - n. What is the remainder when q(0) is divided by 23?
17
Suppose u + 3*v - 241 = 0, 4*u + 2*v - 696 = 258. Let h(k) = 10*k. Calculate the remainder when h(3) is divided by 2 - (u/(-84) - 3/18).
0
Let r be 11/3 - 12/(-36). Suppose -4*o = l - 2*l - 297, o = -r*l + 53. Let s = 91 - o. What is the remainder when 123 is divided by s?
15
Let s(o) = 726*o**2 + 115*o - 357. Calculate the remainder when s(3) is divided by 25.
22
What is the remainder when 3019 is divided by ((-10531)/35 + 2/7)/(225/(-375))?
13
Calculate the remainder when (17 - 3)/((-2)/(-298)) is divided by 12.
10
Let i be (61/(-4))/((-7)/70)*2. Let n = i + -262. Calculate the remainder when n is divided by 13.
4
Suppose 54*d - 17*d - 3*d = 4420. Suppose 4*x = 3*v + 136, -x + 34 = -0*x + 5*v. What is the remainder when d is divided by x?
28
Let k = -16370 - -16444. What is the remainder when k is divided by 2?
0
Let f(r) = r**2 - 12*r - 12. Let b be f(9). Let c = -42 - b. What is the remainder when 3 is divided by c/5*(-6 - -1)?
0
Let q = 100 + -24. Suppose -15*r + 509 + q = 0. Calculate the remainder when 122 is divided by r.
5
Let z(b) = 9 + 9163*b**3 + 0 - 8*b - 9140*b**3. Calculate the remainder when 116 is divided by z(1).
20
Let y(m) = 26*m + 81. Let g be y(-3). Suppose -g*a + 3 = 0, 5*b + 47 - 423 = 4*a. Calculate the remainder when b is divided by 17.
8
Suppose -54 = -2*o - 4*k, -44 = o - 3*o - 2*k. Suppose 0 = -11*f - 451 - 495. Let q = f + 153. What is the remainder when q is divided by o?
16
Calculate the remainder when 1712/(-535)*(-185)/4 is divided by 97.
51
Let s(l) = 4*l**3 + 9*l**2 - 13*l + 16. Let w be s(4). Let i = w - 356. What is the remainder when 14 is divided by i?
6
Let u(b) be the second derivative of b**5/20 + 13*b**4/6 - 25*b**3/6 + 61*b**2/2 - b - 2. What is the remainder when 19 is divided by u(-27)?
5
Let c be (-64)/20*((-775)/(-10) - 5). Let h = 234 + c. What is the remainder when 8 is divided by h?
0
Suppose -5*g + g + 16 = 4*t, -4*g + 2*t + 28 = 0. Let l(w) = -w**3 + 10*w**2 - 22*w - 3. What is the remainder when 26 is divided by l(g)?
8
Let m(g) = -g**3 - 5*g**2 + 3*g + 18. Let v be m(-5). Calculate the remainder when ((-18)/4*2)/(-1) is divided by (9 - v - 3)*(1 + 0).
0
Let w(v) = 3*v**2 + 7*v + 7. Let t be w(-7). Suppose -o = 2*o - t. Calculate the remainder when 136/(4 - 3) + -5*8/(-20) is divided by o.
33
Calculate the remainder when 1581 is divided by (-18)/2*7986/(-1089).